3.
789
What is the greatest common factor of 800 and 626750?
50
What is the greatest common factor of 714 and 368859?
3
Calculate the highest common divisor of 42 and 126684334.
14
What is the highest common factor of 134758362 and 122406?
5322
Calculate the highest common divisor of 2149 and 9036545.
2149
Calculate the highest common divisor of 6 and 14914590.
6
What is the highest common factor of 946 and 72645533?
43
Calculate the greatest common factor of 38825384 and 121495.
2209
Calculate the greatest common divisor of 614052 and 465867.
333
What is the highest common factor of 538320 and 73545?
15
What is the highest common factor of 3 and 3366343?
1
Calculate the highest common factor of 3356457 and 161489.
967
Calculate the greatest common factor of 252 and 132627348.
252
Calculate the highest common divisor of 3707 and 19263931.
337
Calculate the highest common factor of 10894241 and 121273.
701
What is the greatest common factor of 416920 and 36715?
35
Calculate the highest common divisor of 3213675 and 86825.
575
What is the highest common factor of 1919 and 27553507?
101
What is the highest common factor of 2392 and 1781832?
104
What is the greatest common factor of 16835939 and 183?
61
Calculate the greatest common divisor of 400060 and 1265250.
2410
Calculate the highest common divisor of 563160 and 793260.
780
Calculate the highest common divisor of 343 and 23605603.
343
Calculate the greatest common divisor of 160 and 22461935.
5
Calculate the highest common divisor of 71 and 1284102663.
71
Calculate the highest common factor of 218327 and 244923.
109
What is the highest common factor of 991824642 and 459?
459
What is the highest common divisor of 2654 and 6737179?
1327
Calculate the greatest common factor of 77261440 and 1440.
160
What is the highest common divisor of 4737564 and 4664?
212
Calculate the highest common divisor of 4674 and 14186.
82
What is the greatest common factor of 25 and 13318925?
25
What is the greatest common divisor of 2566 and 131603725?
1283
What is the greatest common factor of 11235825 and 450?
225
What is the greatest common divisor of 578700 and 1046804?
2572
Calculate the greatest common factor of 16 and 71041136.
16
What is the greatest common divisor of 12843 and 1349942?
1427
What is the greatest common divisor of 326579 and 21592?
2699
Calculate the highest common factor of 15474605 and 1385.
1385
Calculate the greatest common divisor of 646 and 334321150.
646
Calculate the highest common factor of 22424 and 20152.
8
Calculate the highest common factor of 14705927 and 59.
59
Calculate the greatest common divisor of 215934 and 1771842.
2958
What is the greatest common divisor of 7412 and 41233828?
436
What is the greatest common divisor of 12835622 and 3642?
1214
Calculate the highest common factor of 3696 and 371668.
44
Calculate the greatest common divisor of 126448 and 9436.
28
Calculate the greatest common factor of 6874362 and 14484.
426
Calculate the highest common factor of 561 and 6111039.
33
Calculate the greatest common divisor of 1729 and 2791698.
91
Calculate the greatest common divisor of 4581161 and 11336.
1417
What is the highest common divisor of 1869 and 1077689697?
1869
Calculate the greatest common factor of 9430882 and 155.
31
What is the greatest common divisor of 2655 and 571630?
5
Calculate the greatest common factor of 215359626 and 138.
138
Calculate the greatest common factor of 5208 and 374640.
168
Calculate the highest common divisor of 1225294236 and 2568.
1284
Calculate the highest common divisor of 13221 and 365872.
13
Calculate the greatest common divisor of 20205693 and 1458.
729
What is the greatest common factor of 285 and 1103330?
95
Calculate the highest common divisor of 9180 and 6441640.
340
Calculate the highest common divisor of 494414 and 85742.
86
What is the greatest common divisor of 174592 and 46222?
22
What is the highest common divisor of 286 and 140772203?
143
Calculate the greatest common factor of 161899140 and 130.
130
Calculate the highest common divisor of 70 and 33890230.
10
What is the highest common divisor of 2069402655 and 15?
15
What is the highest common factor of 94 and 78628744?
94
Calculate the highest common divisor of 17185 and 120925.
35
What is the highest common divisor of 70939904 and 64?
64
What is the highest common factor of 6315814 and 31390?
146
What is the greatest common factor of 25908021 and 2301?
177
Calculate the greatest common factor of 539 and 373769.
11
Calculate the highest common divisor of 58835 and 7269136.
287
What is the greatest common divisor of 1907004 and 3708?
12
Calculate the highest common factor of 138952660 and 3080.
1540
What is the greatest common factor of 36 and 38612?
4
What is the greatest common divisor of 173316756 and 156788?
8252
What is the highest common divisor of 4109 and 54821691?
587
What is the greatest common divisor of 131 and 1035817?
131
What is the greatest common factor of 23472 and 246276048?
7824
What is the highest common divisor of 37900200 and 10062?
3354
What is the highest common factor of 116945160 and 7400?
1480
What is the highest common divisor of 213227248 and 81172?
11596
What is the greatest common factor of 466741 and 81993?
151
Calculate the highest common divisor of 45864 and 2799.
9
Calculate the highest common factor of 1451103 and 1776.
111
Calculate the greatest common divisor of 450988768 and 16064.
8032
Calculate the highest common divisor of 260831 and 7167013.
3893
What is the highest common divisor of 552 and 1176132?
12
What is the greatest common divisor of 69915 and 9656943?
177
What is the highest common factor of 6345 and 69437565?
2115
What is the highest common factor of 209 and 260108651?
209
Calculate the greatest common factor of 43424 and 193752.
184
What is the greatest common factor of 1352 and 2602176?
8
What is the highest common divisor of 1460128 and 28840?
824
Calculate the greatest common factor of 446576 and 10848.
1808
What is the greatest common divisor of 3612884 and 8368?
2092
Calculate the highest common divisor of 84 and 6506388.
84
Calculate the highest common factor of 12768 and 848008.
1064
What is the greatest common divisor of 21 and 17393621?
7
Calculate the highest common factor of 42255 and 96247500.
4695
Calculate the highest common divisor of 237 and 212543733.
237
What is the highest common factor of 461287 and 2117?
73
What is the highest common factor of 1717384 and 344?
8
What is the greatest common divisor of 1188 and 6445340?
44
What is the greatest common factor of 220 and 138078820?
220
What is the highest common factor of 6975047 and 3123?
347
Calculate the greatest common factor of 19272078 and 378.
126
What is the greatest common factor of 1069348 and 1316?
28
Calculate the greatest common factor of 971892 and 2808.
108
Calculate the highest common factor of 4739688 and 2160.
216
What is the highest common divisor of 21409 and 132641?
79
What is the highest common divisor of 210896 and 142324?
28
What is the highest common factor of 18879 and 22094520?
609
Calculate the greatest common divisor of 12920 and 18479.
17
Calculate the highest common factor of 4032 and 164825136.
1008
What is the greatest common factor of 15197 and 6059261?
2171
Calculate the highest common divisor of 6929095 and 7120.
445
What is the highest common divisor of 22506 and 88598?
62
What is the highest common divisor of 8 and 72353456?
8
What is the highest common divisor of 207 and 9438993?
207
Calculate the greatest common factor of 339229825 and 275.
275
What is the greatest common factor of 705573 and 8415?
99
What is the highest common divisor of 64250 and 142635?
1285
Calculate the greatest common factor of 32781626 and 6.
2
Calculate the greatest common divisor of 8359 and 33709.
13
Calculate the highest common divisor of 1988816 and 344.
8
What is the highest common factor of 240464 and 2287572?
3164
Calculate the highest common factor of 4240 and 660698000.
4240
Calculate the greatest common factor of 56078 and 72061.
11
Calculate the highest common divisor of 120288 and 13552.
112
What is the highest common factor of 548491 and 8339?
269
What is the greatest common factor of 5001 and 3374019669?
5001
What is th